 = 0. Suppose -3*b + 62 = -6*s + 2*s, -2 = b. Let c = s + g. What is the tens digit of c?
1
Suppose 4*f + 13*w - 17*w - 130676 = 0, 5*f = -3*w + 163353. What is the units digit of f?
0
Let s be (-374065)/(-316) - (-6)/(-8). Let k = -378 + s. What is the hundreds digit of k?
8
Let g be -20*4*(26/4 - 7). Let y be 2*1/4*6. Suppose -y*h + g + 50 = 0. What is the tens digit of h?
3
Let v = 308 + -338. What is the hundreds digit of ((-398)/5)/(6/v) - 3?
3
Let i = 57415 + -26316. What is the ten thousands digit of i?
3
Suppose 3*p + 2*b - 98 = 0, 4*b - 2*b = -4. Suppose 0*r - w - 141 = -4*r, -122 = -3*r + 4*w. Let c = r + p. What is the units digit of c?
8
Let n(f) = -3*f**2 - 36*f + 20. Let x be n(-12). Let s(h) = -h**2 + 60*h - 19. What is the units digit of s(x)?
1
Let r be (-4)/10 - (-3)/30*-16206. Let y = r + 2785. What is the units digit of y?
4
Let j(i) = i + 17. Let t be j(-15). Suppose -1 - 13 = -t*n. Suppose -n*b - 15 = -12*b. What is the units digit of b?
3
Suppose 16*q = -24 + 88. Let x(r) = r**3 + 2*r**2 + 9*r - 10. Let m be x(q). Suppose -3*j + m + 640 = 0. What is the tens digit of j?
5
Let p(l) = 11*l**3 + 99*l**2 - 1938*l + 51. What is the units digit of p(19)?
7
Suppose 0 = 154*r - 465378 - 2498660. What is the units digit of r?
7
Let s = -14265 - -31592. What is the ten thousands digit of s?
1
Let t(u) = -4*u**3 - 7*u**2 - 2*u + 602. Let p(s) = -2*s**3 - 4*s**2 - s + 301. Let r(x) = -5*p(x) + 3*t(x). What is the hundreds digit of r(0)?
3
Let x(n) = 3*n**3 - 19*n**2 + 6*n - 4. Let a be x(6). Let z be 3 + 5 + a - -123. Let t = z - 93. What is the tens digit of t?
3
Let y(t) = -3*t**2 + 5*t - 10. Let p be y(2). What is the units digit of -51*(34 + p)*(-1)/2?
1
Let z(n) = -141*n + 1110. What is the tens digit of z(-13)?
4
Let g(q) = -173*q - 6026. What is the units digit of g(-48)?
8
Suppose 2*s - q + 2 - 1 = 0, 2*s = -q - 7. Let b = -2 + s. What is the units digit of -5*3*b/12?
5
Let n = -41 + 39. Let t(z) = -37*z. Let h be t(n). Let f = 21 + h. What is the tens digit of f?
9
Let o(u) = 4488*u**2 - 37*u + 69. What is the tens digit of o(2)?
4
Let k = 309 + 88. Suppose -6*w + 2*w + 1620 = 4*o, -o = -w - k. What is the tens digit of o?
0
Let b = 3776 - 485. What is the tens digit of b?
9
What is the hundreds digit of ((-4)/1)/(2/(-4)) + 1396?
4
Suppose o - 5*b = 6*o - 1035, b = 4*o - 818. Let d = 37 + o. What is the hundreds digit of d?
2
Let y be (16/14 - 44/22)*7. What is the tens digit of 169*((-2)/y)/((-5)/(-165))?
5
What is the hundreds digit of 29974 - 11/(3 - 14)?
9
Suppose 4*r + 400 = -t, 5*t - 200 = 2*r + 2*t. Let w = r + 421. What is the tens digit of w?
2
Let y = -101 + 74. Let o be (-2 + -3 + y/(-3))*1. Suppose 3*p - 435 = -o*h, p + p + h - 285 = 0. What is the units digit of p?
1
Let z(v) be the first derivative of v**3/3 - 5*v**2 + 15*v + 7. Let u be z(9). What is the tens digit of u/21*-1 + 324/7?
4
Suppose 0 = -5*q - 4*b + 7783, -2*q - 3*b = -0*b - 3116. Let p = q + -877. What is the tens digit of p?
7
Suppose 5*f = -5*m + 35, f - 2*m + 5*m - 11 = 0. Suppose -6*p - 22 = f*p. What is the units digit of -172*3*((-7)/p + -4)?
8
Suppose 4*o + o + 4*w - 13043 = 0, -10430 = -4*o - w. Suppose o - 8703 = -8*v. What is the hundreds digit of v?
7
Suppose 17*d + 7*d - 19440 = 0. Suppose 2*s + 3*i + i - d = 0, 0 = 2*s - i - 795. What is the hundreds digit of s?
3
Suppose 2*j + 3*i = 574, -4*j + 5*i + 1156 = 7*i. Suppose 5*s - j = -5*r, 3*s = 2*r - 218 + 92. Suppose w - r = -24. What is the tens digit of w?
3
What is the hundreds digit of 2/3*(-524)/7*(-84)/8?
5
Let c be ((-2)/(-2) - 3) + (1 - -6). Suppose 3*x = -z + 1429, c*z = 2*x + 3*x - 2415. What is the tens digit of x?
7
Let v = 3825 - -1503. What is the hundreds digit of v?
3
Suppose -7*t = 3 - 24. Suppose t*k + 2*a - 1760 = 0, 3*k + 3*a + 1785 = 6*k. What is the hundreds digit of k?
5
Suppose -6*o + 120852 = 3*m, -6*o + 10*o + 201336 = 5*m. What is the hundreds digit of m?
2
Suppose 5020632 - 376956 = 10*z + 104*z. What is the units digit of z?
4
Let c = 16377 + -2176. What is the hundreds digit of c?
2
Suppose 2*u - 5*q = 25002, 4*q + 19253 = 3*u - 18243. Suppose -2532 = -17*h + u. What is the units digit of h?
4
Let r = 202 - 211. What is the hundreds digit of (-3)/((r/516)/1)?
1
Suppose -144*w + 38*w - 34*w = -1990520. What is the ten thousands digit of w?
1
Let n(d) = d**3 - 4*d**2 + 2*d - 5. Let w be n(4). Suppose 8 = -2*p, 0 = w*k + 2*p - 247. Suppose -473 = -4*y - k. What is the units digit of y?
7
Let u = -144 - -161. Let m(y) = -y**3 + 19*y**2 - 20*y + 48. What is the hundreds digit of m(u)?
2
Let k(n) = n**3 + n**2 + 16*n + 20. Let g be k(-6). Let s = -158 - g. What is the tens digit of s?
9
Suppose -5*n = -5*g + 51 + 54, -4*g + 105 = 3*n. What is the tens digit of 4*3/g + (-3710)/(-4)?
2
Suppose 0*n + 2*l = 4*n - 488, -3*l - 132 = -n. Suppose -n = 2*k - 0*k. Let u = -14 - k. What is the units digit of u?
6
Suppose 244*q = 241*q + 60. Suppose -2*t = 5*l - 2*l - 1354, q = 4*t. What is the tens digit of l?
4
Let d be 22/154 - (-460)/14. Suppose d*q = 4813 - 391. What is the units digit of q?
4
Let y = 24020 + -1351. What is the tens digit of y?
6
Let s = -495 + 497. Suppose -6*z + 885 = -z - 5*l, -4*l = s*z - 336. What is the hundreds digit of z?
1
Let s = 7483 + -2064. What is the tens digit of s?
1
Let w be 0 - (-2 - (-6)/(-3)). Suppose 3*v - 97 = -w*y, -23 - 53 = -3*y + v. Let z = y - -56. What is the tens digit of z?
8
What is the units digit of 12/(-42) + 41340/140?
5
Let p = -415 - -821. Let d = p + 947. What is the hundreds digit of d?
3
Let b = 4401 + -2062. What is the thousands digit of b?
2
Let l(f) = -2*f**3 - f**2 + 4*f + 4. Let i be l(-2). What is the tens digit of 748/i*2 + (-1 - -1)?
8
Let p(h) = -h**3 + 2*h**2 + 4*h. Let n be p(3). Suppose -7 = 4*a + n*i, a + 4*a = -2*i. Suppose -a*t + 189 - 41 = 0. What is the units digit of t?
4
Suppose -3*f + 960 = -2*o, 4*f + 3*o = 3*f + 331. Suppose w - 2*b - f = -0*w, 981 = 3*w - b. What is the tens digit of w?
2
Suppose -2*x = -0 + 6, 4*f + 5*x = -3. Suppose f*s - 1 + 146 = g, 0 = -s + g - 51. What is the tens digit of (3 - 1) + (-2 - s)?
4
Suppose 0 = -5*o - 5, 0*x + 4*x = -3*o - 231. Suppose -4*c - 102 = -56*p + 55*p, 494 = 5*p - 4*c. Let d = x + p. What is the units digit of d?
1
What is the thousands digit of -26 - (-10 - 3) - -6882?
6
Suppose 12 = -3*x, -50628 = -79*j + 75*j + 2*x. What is the tens digit of j?
5
Let s = 33114 + -3904. What is the ten thousands digit of s?
2
Let w = -9251 - -13129. What is the tens digit of w?
7
Let o be (0 + 0)/(7/(-7)). Let x be -5 + 0 + o - -9. Suppose 1063 = x*j + 3*h, -1300 = -0*j - 5*j + 2*h. What is the hundreds digit of j?
2
Let n(y) = 6*y**2 + 235*y - 311. What is the tens digit of n(-70)?
3
Suppose -2 = w + 121. Let t = 201 + 17. Let u = t + w. What is the tens digit of u?
9
Suppose -i - i = v - 212, 4*i + 990 = 5*v. Suppose -2*x - 3*r - v = -3*x, -x + 220 = 3*r. What is the tens digit of x?
1
Suppose 4*c = 12, -8*c + 3*c - 929 = 2*w. What is the tens digit of w/(-6) + (-3)/(-9)?
7
Suppose 29 = 4*f - 3*m, 4*m + 0*m + 12 = 0. Let j be (2 + -5)/((-5)/f). Suppose -284 = -q - j*q. What is the units digit of q?
1
Suppose -2*m = 4*u - 34498, -13*m + 8614 = u - 9*m. What is the units digit of u?
6
Let q(u) = 1217*u**2 + 85*u. What is the hundreds digit of q(-1)?
1
Suppose -22418 = -14*z + 69772. What is the thousands digit of z?
6
Let v = 33367 - -502. What is the tens digit of v?
6
What is the thousands digit of 123/205 - 5597/(-5)?
1
Let w be 208 - (-12)/(-2 - 4). Suppose 24*y = 25*y - w. What is the hundreds digit of y?
2
Let t(i) = -22*i - 26. Let p be t(-3). Suppose 2*m + 444 = -p*z + 41*z, -3*z = 4*m - 1352. What is the hundreds digit of z?
4
Suppose 0 = -7*p - 10 + 38. Suppose -8*r + 268 = -p*r + 2*o, 5*o - 325 = -5*r. What is the units digit of r?
9
Let h(u) = 11*u + 1. Let m be h(8). Let i = m + -89. Suppose -8*o - o + 297 = i. What is the units digit of o?
3
Let a = 0 + -12. Let u(q) = -q**2 - 9*q + 41. Let h be u(a). Suppose 0 = -3*l + 6*l + 2*n - 662, -4*l + 921 = -h*n. What is the units digit of l?
4
Suppose -359*t + 412*t = 822613. What is the tens digit of t?
2
Let u(y) = -y**3 - 23*y**2 - 26*y - 36. Let g be u(-22). Suppose -8*t = 20 - g. Suppose -t*